1 = -4*r - 3*q, -3*r = -q - 6. Let u = r + 2. Let s(d) = -d + u - 4 - 4 + 4. What is s(5)?
-6
Suppose s + k - 1 = 6, 3*k + 14 = 4*s. Let f(m) be the second derivative of m**3/6 + 22*m. Calculate f(s).
5
Suppose p - r + 1 = 0, -3 = p + p - 3*r. Suppose -x - 15 = -6*x - 4*i, p = -4*i - 20. Let l(k) = -k**2 + 7*k. Calculate l(x).
0
Let b(i) = -3*i**2 + 2*i + 3. Let n(m) = 3*m**3 + 10*m - 10. Let d be n(1). Calculate b(d).
-18
Let k(l) = l**2 + 3*l + 5. Suppose -10 - 29 = -d + 3*n, 2*d - 99 = -n. Suppose -9*h + h = d. Calculate k(h).
23
Let c(i) = i**3 + 9*i**2 - 6*i + 41. Let v be (-75)/6*(-88)/(-110). Give c(v).
1
Let n(q) = -q - 7. Let a be 80/13 + (-48)/312. Determine n(a).
-13
Let t be (1 + -3)/((-2)/(-7)). Let b(p) = -2*p**3 + 10*p**2 - 7*p - 1. Let j(c) = -c**3 + c**2 - 2*c + 1. Let z(r) = b(r) - 3*j(r). Calculate z(t).
3
Let m(x) = -20*x**3 + 11*x**2 - 3*x - 6. Let v(b) = 31*b**3 - 17*b**2 + 5*b + 9. Let y(a) = 8*m(a) + 5*v(a). Give y(2).
-29
Let w(n) be the third derivative of -n**6/120 - n**5/6 - 3*n**4/8 - 2*n**3/3 + 2*n**2. Let c(h) = 10*h**3 - h**2 + 2. Let q be c(-1). Determine w(q).
-4
Let u be (1*(-2 + (-3)/(-1)))/1. Let b(l) = l**2 + 7*l. Let p be b(-6). Let g(w) = 4*w - 1. Let x(j) = j. Let f(i) = p*x(i) + u*g(i). Determine f(3).
-7
Let d(b) = b**3 - 11*b**2 - 11*b - 10. Let y be 15/(-20) - (-2 + (-215)/20). Determine d(y).
2
Let d(m) = 246 - 238 - m - 8*m + 0*m - m**2 + 0*m**2. Determine d(-8).
16
Let w be (-162)/(-42) - (-72)/(-84). Let j(d) be the second derivative of 0 - 5/12*d**4 - 1/20*d**5 - 1/2*d**w + 3/2*d**2 + 11*d. Determine j(-4).
-1
Let q(x) = -x**3 - 9*x**2 + 14*x + 42. Let o be q(-10). Let f(n) = -2*n**3 + 2*n**2 + 2. Determine f(o).
-6
Let r(s) = -2*s - 5. Let w(u) = u**3 - u - 4. Let g = -21 + 21. Let d be w(g). Give r(d).
3
Let v(x) be the first derivative of 3*x**2 + 0*x - 1 - 1/24*x**4 - 5/6*x**3. Let a(w) be the second derivative of v(w). Give a(0).
-5
Suppose -n + 2*o = 1, 335*o - 2 = 2*n + 333*o. Let a(i) = 8*i**3 + 3*i**2 - 2*i. Let v(g) = 32*g**3 + 13*g**2 - 9*g. Let u(w) = -9*a(w) + 2*v(w). Give u(n).
7
Suppose 0 = -5*b - 0*c - c + 30, 0 = -b - 3*c + 20. Let k(h) = 2*h**3 + b*h**3 - h**2 - 8*h**3. Let x = -1 - 1. What is k(x)?
4
Let k(t) = -2*t + 8. Let c be k(6). Let q be 7*1*(-20)/(-70). Let j(x) = 3*x**2 - 3 + 8 + 7*x - 2*x**q. Determine j(c).
-7
Let l(h) = h**3 + 11*h**2 + 12*h + 23. Let a(k) = -9*k**3 - 5*k**2 + 12*k - 8. Let r be a(1). Calculate l(r).
3
Let v(g) = -g**2 + 17*g + 8. Let s be 3*5/15*17. Give v(s).
8
Let o(h) = -2*h - 1. Suppose z - 4 = -2*b + b, 0 = -3*z + b + 4. Let j = -7 + 8. Suppose j = -s + z. What is o(s)?
-3
Let l(j) = j**3 + 11*j**2 + j + 16. Let z(m) = -21 + 29*m - 14*m - 16*m. Let f be z(-10). Determine l(f).
5
Let i = -10 + 4. Let w(s) = s**2 - 2693 + 7*s - 3*s + 2685. What is w(i)?
4
Let x(y) = -y**2 + 5*y - 5. Let j(g) = g**2 - 8*g + 8. Let w(f) = -3*f**2 + 25*f - 25. Let s(l) = -7*j(l) - 2*w(l). Let n(t) = 5*s(t) - 6*x(t). What is n(-4)?
16
Suppose 0 = -5*d + 3*j + 27, 2*j - 7 = 62*d - 67*d. Let r(g) be the first derivative of -7*g + 2 - 7/2*g**2 + 1/3*g**d. Give r(7).
-7
Suppose 0*i - 6 = 3*i. Let l = 237 + -161. Let f(b) = 70*b**2 + l*b**2 - 2*b - 145*b**2 + b**3. What is f(i)?
0
Let z(d) = d**3 - 7*d**2 + 6*d - 5. Let o be z(6). Let w(b) = 14*b**2 + 2*b + 15. Let f(u) = -12*u**2 - 3*u - 13. Let h(v) = -6*f(v) - 5*w(v). Give h(o).
13
Suppose -8*g - 19 = -43. Let o be 2*-1 + (-6)/(-1). Let b(u) = 3 + o*u**2 + 0*u**2 - 3*u - 2*u**2. Calculate b(g).
12
Let q(v) = -2 - 38*v**2 - 5*v - 2 - 2 + 37*v**2. Give q(-6).
-12
Suppose 0 = -7*r + 2*r + 80. Suppose 4 = 4*f - r. Let m(b) be the first derivative of -b**3/3 + 5*b**2/2 - b - 3. Give m(f).
-1
Let h(j) = -17*j**3 - 2*j**2. Let u(x) = -x**3 - x**2. Let k(q) = h(q) - 3*u(q). Determine k(1).
-13
Suppose -40 = -21*t - 17*t - 268. Let a(y) be the third derivative of -y**4/24 + y**2. Give a(t).
6
Let k(a) be the first derivative of a**3/3 - a**2/2 + a + 3182. Let m be (2/(-4) + 1)*2. Calculate k(m).
1
Suppose 4*a - 4 = 16. Suppose -a = 2*l + 3. Let v = 7 + l. Let m(d) = d + 2. What is m(v)?
5
Let i(g) = -g**3 + 6*g**2 + g - 1. Suppose -1165 = 11*f - 1231. Determine i(f).
5
Let a(y) be the first derivative of -3/4*y**4 - y - 1/3*y**3 + 5 - 1/2*y**2. Let s be (2*(0 + -1))/2. What is a(s)?
2
Let v(t) be the first derivative of t**4/4 - 3*t**3 - 9*t + 170. What is v(9)?
-9
Let b(h) = -4*h + 3. Let t be 408/80 + (-1)/10. Let v(u) = -7*u + 6. Let w(j) = t*b(j) - 3*v(j). What is w(-7)?
-10
Let b(m) = m**3 - 5*m**2 + 3*m - 1. Let v be -3 + 1 + -2 + -8. Let a = v + 23. Suppose -k + a = 2*g, g = -2*g - 2*k + 18. What is b(g)?
-5
Suppose -11*n + 12*n + 2*x - 17 = 0, -x - 41 = -5*n. Let o(g) = 4*g - 16. Give o(n).
20
Let n(j) be the third derivative of j**7/2520 + j**6/120 + j**5/20 - j**4/3 - 7*j**2. Let b(s) be the second derivative of n(s). Give b(-6).
6
Let c(v) = -19*v**2 - 2*v - 1. Suppose -9*k + 38 = -34. Suppose k*i + 10 = 2. Determine c(i).
-18
Let s(o) = o**3 - 6*o**2 + 5*o + 2. Let l be s(5). Let v(x) = 2*x**2 + 1 - 1 + l*x**2. Let n be 2 + (-1 - 1) + -1. What is v(n)?
4
Let c(x) = -x**3 - 4*x**2 + 4*x - 1. Suppose 2*s = 2*a - 12, 7 = 5*a + 2. Give c(s).
4
Let h(i) = -7 - i + 0*i**2 - i**2 + 4*i + 3*i. Let b be (-4 + 16)*-1*2/(-4). Give h(b).
-7
Let t(u) = -2*u - 7 - 2*u + 5*u. Let q be 8/(-3)*27/(-12). Determine t(q).
-1
Let a(p) = -p + 7. Let y(j) be the first derivative of 3*j**2/2 - 21*j - 3. Let d(b) = 8*a(b) + 3*y(b). Let k(r) = 3*r - 45. Let x be k(15). What is d(x)?
-7
Suppose 0 = 2*x - 3*l + 34, 5*l - 4*l = 4*x + 68. Let n(g) = g**3 + 16*g**2 - 20*g - 50. Calculate n(x).
1
Let d(h) = 6*h - 1. Suppose -2*i + 5*o = -0*o - 1, -4 = -2*i + 2*o. Let s be (1/i)/((-1)/(-3)). Determine d(s).
5
Let l(o) = -3*o**3 - 9*o**2 + 15*o - 9. Let m(q) = -5*q + 10 + 8 + 3*q**2 - 15 + q**3. Let g(i) = 4*l(i) + 11*m(i). Determine g(-5).
22
Let o(w) = 11*w**3 + 5*w**2 - w - 4. Let t(q) = -50*q**3 - 19*q**2 + 3*q + 16. Let j(b) = 9*o(b) + 2*t(b). Suppose -4*r + 21 = -3. Determine j(r).
14
Let k(c) = c**3 + 16*c**2 + 21*c + 84. Let h be k(-15). Let o(f) = f**3 + 6*f**2 - 5*f - 1. Determine o(h).
29
Let m(a) = 4*a**3 + 8*a**2 - 7*a + 5. Suppose k - 9 = -4*n + 2, 4*k + 16 = -n. Let r(z) = z**3. Let h(t) = k*r(t) + m(t). What is h(7)?
5
Suppose -2*t - 14 = h, -h - 4*h - 4*t = 46. Let b(l) = -l**2 - 8*l - 12. What is b(h)?
0
Let y = 17 + -14. Let m(t) = 4*t - 2 - 5 + y*t**2 - 5*t + 6. Determine m(-1).
3
Let o(b) = -b**2 + 12*b - 5. Let i = -465 + 475. Give o(i).
15
Let x(g) = 1 + 6*g - 16 + 5 + 6 - g**2. Calculate x(5).
1
Let z(g) = 4*g**2 + g + g**3 + 6*g - 4*g + 1. Suppose 28*y - 5 = 27*y. Suppose -m - y + 3 = 0. Give z(m).
3
Suppose 192*p - 195*p - 3 = 0. Let f(g) = -4*g**2 + 4*g + 5*g**2 - 4*g + g - 1. Calculate f(p).
-1
Suppose 0 = -3*d - 2*f, -f - 22 = -25. Let n(l) = 3*l**3 - l**2 + 2*l - 1. Give n(d).
-33
Let n(v) = -9*v - 1. Let h(z) be the third derivative of z**4/24 - 5*z**3/6 - 12*z**2. Let g be h(6). Calculate n(g).
-10
Let p(b) = b**3 - 2*b**2 - 2*b - 2. Let q be (-8)/4*-1 + 0. Suppose -q*l = -7*l + 60. Suppose 11 = 3*s - 2*y - 0*y, 5*s = -3*y + l. Determine p(s).
1
Suppose -p + 654 - 641 = 0. Let y(c) = c**3 - 14*c**2 + 16*c - 17. What is y(p)?
22
Suppose 4*s = 5*s - 7. Let k(d) = -6 + d**3 + 1 + s*d**2 - 7*d**2 + 6*d**2. Calculate k(-6).
-5
Let t(h) = h**3 + 6*h**2 + 6*h - 2. Let l = -60 + 26. Let v be (-210 - -7)/(-7)*(-1 - -2). Let q = l + v. What is t(q)?
-7
Let l(o) be the third derivative of o**6/120 + 2*o**5/15 - o**4/24 - 7*o**3/3 - o**2 - 73*o. What is l(-8)?
-6
Let m(x) = 27*x - 1 - 15*x - 6 - 21*x + 4. Give m(-3).
24
Suppose 0 = 5*p - 4*p. Let w(h) be the second derivative of 0 + 0*h**4 + 0*h**2 + p*h**3 + 10*h + 1/20*h**5. Determine w(1).
1
Suppose s - 3*v = 13, 3*s = 4*s + 4*v + 8. Suppose 0 = 3*d - 5*i - 17, 4*d + s*i + 12 = 2*i. Let z(k) = k**3 - k**2. Calculate z(d).
-2
Let i(f) = f**3 - 4*f**2 + 2*f - 1. Suppose t = p - 7, 0*p + 4*t = -4*p - 4. Give i(p).
-4
Let b(r) = 1. Let c(n) = 8*n - 9*n + 0*n. Let s(p) = -b(p) - c(p). Suppose 2*l + 10 = 12*l. What is s(l)?
0
Let x be 416/195 - (-2)/(-15). Let h(n) = -22*n + 20*n - 5*n**2 + 8 - x*n**2 + n**3. What is h(7)?
-6
Let l be 2/(4*(-3)/(-66)). Suppose r = -2*r + d +